{"id":12,"date":"2012-09-07T20:50:03","date_gmt":"2012-09-07T18:50:03","guid":{"rendered":"http:\/\/grundschulesatzvey.de\/wordpress\/?page_id=12"},"modified":"2015-04-14T14:20:49","modified_gmt":"2015-04-14T12:20:49","slug":"typisch-satzvey","status":"publish","type":"page","link":"https:\/\/grundschulesatzvey.de\/?page_id=12","title":{"rendered":"Typisch Satzvey"},"content":{"rendered":"<p align=\"LEFT\"><strong><span style=\"font-family: Arial, Helvetica, Geneva, sans-serif, sans-serif;\"><a href=\"https:\/\/grundschulesatzvey.de\/wordpress\/wp-content\/uploads\/2012\/09\/Schneespirale_2009.jpg\"><img loading=\"lazy\" decoding=\"async\" class=\"alignright size-full wp-image-99\" title=\"Schneespirale_2009\" src=\"https:\/\/grundschulesatzvey.de\/wordpress\/wp-content\/uploads\/2012\/09\/Schneespirale_2009.jpg\" alt=\"\" width=\"250\" height=\"188\" \/><\/a>Typisch Satzvey<\/span><\/strong><\/p>\n<ul>\n<li><span style=\"font-family: Arial, Helvetica, Geneva, sans-serif, sans-serif;\">Wir f\u00f6rdern mit einem hauseigenen Konzept die Ich-St\u00e4rkung und achten auf eine gesunde Entwicklung der Kinder.<\/span><\/li>\n<li><span style=\"font-family: Arial, Helvetica, Geneva, sans-serif, sans-serif;\">Der Sachunterricht ist unser Zugpferd. Wir orientieren uns an sachunterrichtlichen Themen und geben den Kindern Freir\u00e4ume, selbst L\u00f6sungen zu entdecken. Wir sind prima(r)forscher-Schule!<\/span><\/li>\n<li><span style=\"font-family: Arial, Helvetica, Geneva, sans-serif, sans-serif;\">In der sogenannten \u201cAula-F\u00f6rderung\u201d werden Kinder in Kleingruppen zus\u00e4tzlich gef\u00f6rdert (Satzveyer Modell).<\/span><\/li>\n<li><span style=\"font-family: Arial, Helvetica, Geneva, sans-serif, sans-serif;\">Wir f\u00f6rdern die Leselust der Kinder durch zahlreiche Aktionen wie Lepion, Lesenacht, Autorenlesung, Pr\u00e4mierung der Lesef\u00fcchse, Erf\u00fcllung von individuellen Buchw\u00fcnschen durch die Sch\u00fclerb\u00fccherei.<\/span><\/li>\n<li><span style=\"font-family: Arial, Helvetica, Geneva, sans-serif, sans-serif;\">Wir bringen allen Kindern das Schwimmen bei \u2013 wenn erforderlich, auch in Einzelunterricht!<a href=\"https:\/\/grundschulesatzvey.de\/wordpress\/wp-content\/uploads\/2012\/09\/Stiefel_nach_Flussuntersuchung.jpg\"><img loading=\"lazy\" decoding=\"async\" class=\"alignright size-full wp-image-98\" title=\"Stiefel_nach_Flussuntersuchung\" src=\"https:\/\/grundschulesatzvey.de\/wordpress\/wp-content\/uploads\/2012\/09\/Stiefel_nach_Flussuntersuchung.jpg\" alt=\"\" width=\"250\" height=\"188\" \/><\/a><\/span><\/li>\n<li><span style=\"font-family: Arial, Helvetica, Geneva, sans-serif, sans-serif;\">Wir sind eine bewegungsorientierte Schule und lassen die Kinder t\u00e4glich\u00a0 um die Schule flitzen.<\/span><\/li>\n<li><span style=\"font-family: Arial, Helvetica, Geneva, sans-serif, sans-serif;\">Das Wochenende ist stressfrei und geh\u00f6rt der Familie: keine Hausaufgaben von Freitag auf Montag!<\/span><\/li>\n<li><span style=\"font-family: Arial, Helvetica, Geneva, sans-serif, sans-serif;\">Wir bieten Kindern und ihren Eltern oft\u00a0 gemeinsame K\u00fcnstlerbegegnungen (Theater\/Musik\/Buchautoren) am Abend. Deswegen leuchtet unsere Schule auch oft am Abend!<\/span><\/li>\n<li><span style=\"font-family: Arial, Helvetica, Geneva, sans-serif, sans-serif;\">Typisch Satzvey ist auch, dass wir unsere Schule als gesch\u00fctzten Raum verstehen. Aus diesem Grund sind Fotos unserer Sch\u00fclerinnen und Sch\u00fcler nur f\u00fcr Eltern im passwortgesch\u00fctzten Bereich der Homepage zug\u00e4nglich.\u00a0<\/span><\/li>\n<li><span style=\"font-family: Arial, Helvetica, Geneva, sans-serif, sans-serif;\">Alle Eltern werden in unserem monatlichen Elternbrief bestens mit aktuellen Informationen versorgt!<\/span><\/li>\n<\/ul>\n","protected":false},"excerpt":{"rendered":"<p>Typisch Satzvey Wir f\u00f6rdern mit einem hauseigenen Konzept die Ich-St\u00e4rkung und achten auf eine gesunde Entwicklung der Kinder. Der Sachunterricht ist unser Zugpferd. Wir orientieren uns an sachunterrichtlichen Themen und geben den Kindern Freir\u00e4ume, selbst L\u00f6sungen zu entdecken. Wir sind &hellip; <a href=\"https:\/\/grundschulesatzvey.de\/?page_id=12\">Weiterlesen <span class=\"meta-nav\">&rarr;<\/span><\/a><\/p>\n","protected":false},"author":5,"featured_media":0,"parent":0,"menu_order":6,"comment_status":"closed","ping_status":"open","template":"sidebar-page.php","meta":{"ngg_post_thumbnail":0,"footnotes":""},"class_list":["post-12","page","type-page","status-publish","hentry"],"_links":{"self":[{"href":"https:\/\/grundschulesatzvey.de\/index.php?rest_route=\/wp\/v2\/pages\/12","targetHints":{"allow":["GET"]}}],"collection":[{"href":"https:\/\/grundschulesatzvey.de\/index.php?rest_route=\/wp\/v2\/pages"}],"about":[{"href":"https:\/\/grundschulesatzvey.de\/index.php?rest_route=\/wp\/v2\/types\/page"}],"author":[{"embeddable":true,"href":"https:\/\/grundschulesatzvey.de\/index.php?rest_route=\/wp\/v2\/users\/5"}],"replies":[{"embeddable":true,"href":"https:\/\/grundschulesatzvey.de\/index.php?rest_route=%2Fwp%2Fv2%2Fcomments&post=12"}],"version-history":[{"count":6,"href":"https:\/\/grundschulesatzvey.de\/index.php?rest_route=\/wp\/v2\/pages\/12\/revisions"}],"predecessor-version":[{"id":1373,"href":"https:\/\/grundschulesatzvey.de\/index.php?rest_route=\/wp\/v2\/pages\/12\/revisions\/1373"}],"wp:attachment":[{"href":"https:\/\/grundschulesatzvey.de\/index.php?rest_route=%2Fwp%2Fv2%2Fmedia&parent=12"}],"curies":[{"name":"wp","href":"https:\/\/api.w.org\/{rel}","templated":true}]}}